f 4623?
True
Is 4 a factor of 15725596?
True
Is 11 a factor of 43701709?
False
Does 27 divide 618582701?
False
Is 382 a factor of 292801187?
False
Is 51584829 a multiple of 384?
False
Is 646 a factor of 373165776?
True
Does 183 divide 11368692?
True
Does 3 divide 24160095?
True
Is 43773683 a multiple of 126?
False
Is 286761048 a multiple of 84?
True
Is 33 a factor of 60167?
False
Is 4 a factor of 209180616?
True
Is 5427 a factor of 2718345652?
False
Is 261275825 a multiple of 2077?
False
Is 185770288 a multiple of 2552?
True
Is 67145712 a multiple of 283?
True
Is 163997544 a multiple of 2764?
False
Does 42 divide 38170734?
True
Is 1250 a factor of 326268750?
True
Does 122 divide 93145292?
True
Does 37 divide 4696235101?
True
Is 73466059 a multiple of 76?
False
Does 304 divide 14509937?
False
Is 72636560 a multiple of 8?
True
Does 988 divide 290906720?
True
Is 57483732 a multiple of 17?
True
Is 77500696 a multiple of 4?
True
Does 6 divide 74677587?
False
Is 13946970 a multiple of 391?
True
Is 63 a factor of 848424654?
True
Is 226 a factor of 5072807?
False
Is 3909110198 a multiple of 133?
True
Does 120 divide 31388040?
True
Is 277 a factor of 30001316?
True
Does 14 divide 207090814?
True
Does 2258 divide 597940992?
False
Is 294774866 a multiple of 545?
False
Is 598535440 a multiple of 908?
True
Is 8 a factor of 1637183624?
True
Is 630051136 a multiple of 1376?
True
Does 30 divide 64328670?
True
Is 15 a factor of 1066977540?
True
Does 555 divide 130527892?
False
Is 150 a factor of 3550368?
False
Does 82 divide 1425164510?
True
Is 910 a factor of 5315310?
True
Does 2211 divide 216251277?
True
Does 533 divide 169960314?
False
Does 1147 divide 2344263834?
True
Does 61 divide 964798692?
True
Is 9732622 even?
True
Is 4368 a factor of 228603648?
True
Is 24 a factor of 106386912?
True
Is 51 a factor of 239959738?
False
Is 2705 a factor of 604142340?
False
Is 21 a factor of 34628291?
False
Does 4 divide 808004085?
False
Is 16 a factor of 574923392?
True
Does 311 divide 488288349?
True
Is 116 a factor of 11807862?
False
Is 58270212 a multiple of 693?
True
Does 21 divide 29926493?
False
Is 1207407864 a multiple of 6058?
True
Does 941 divide 58819623?
False
Is 3557647128 a multiple of 1141?
True
Is 6496428 a multiple of 223?
False
Does 844 divide 2350588738?
False
Does 2 divide 160299683?
False
Is 88 a factor of 26032320?
False
Does 1308 divide 4100576?
False
Is 30 a factor of 55616250?
True
Is 23 a factor of 1489296?
True
Does 69 divide 59104686?
False
Does 201 divide 470567550?
False
Is 489 a factor of 503703741?
True
Is 506934724 a multiple of 508?
True
Does 11 divide 4717799460?
True
Does 31 divide 523060210?
True
Is 16 a factor of 130456147?
False
Does 419 divide 27955680?
True
Is 3297 a factor of 258174873?
False
Is 248 a factor of 16647000?
True
Is 3 a factor of 4535436?
True
Does 20 divide 320865980?
True
Is 1514486960 a multiple of 9842?
True
Does 112 divide 2149504?
True
Does 3305 divide 673795402?
False
Does 369 divide 126140067?
True
Is 17 a factor of 6722302758?
True
Is 3287017789 a multiple of 7?
False
Is 29 a factor of 727388241?
False
Is 45 a factor of 5382954?
False
Does 6729 divide 2014460730?
True
Is 127781517 a multiple of 3?
True
Does 275 divide 18965780?
False
Does 732 divide 143641092?
True
Is 37 a factor of 4353819860?
False
Is 250 a factor of 62511250?
True
Does 6 divide 159223616?
False
Is 8 a factor of 368541727?
False
Is 131346373 a multiple of 1810?
False
Is 626 a factor of 548638920?
True
Is 60 a factor of 422589645?
False
Is 18290354 a multiple of 118?
True
Is 1670174818 a multiple of 26?
True
Is 11689 a factor of 161226678?
False
Is 14 a factor of 133611128?
True
Is 30 a factor of 442169352?
False
Is 12 a factor of 2319067?
False
Does 22 divide 376521970?
True
Is 29803854 a multiple of 185?
False
Is 9 a factor of 1989987472?
False
Is 4332250 a multiple of 806?
True
Is 8536842 a multiple of 31?
True
Is 13 a factor of 949977577?
False
Is 137 a factor of 1590820299?
True
Does 397 divide 2090401118?
True
Does 16 divide 10055958?
False
Does 623 divide 125785569?
True
Is 315 a factor of 308623770?
True
Is 23683064 a multiple of 257?
True
Is 77242828 a multiple of 962?
True
Is 56 a factor of 49413009?
False
Is 151280090 a multiple of 95?
True
Does 1632 divide 80064975?
False
Does 974 divide 11196153?
False
Is 1760 a factor of 22770880?
True
Is 441088838 a multiple of 3078?
False
Does 551 divide 23895217?
True
Is 1560850205 a multiple of 373?
True
Is 207 a factor of 2134313451?
True
Does 438 divide 229429411?
False
Does 18 divide 13275972?
True
Does 298 divide 198505217?
False
Does 228 divide 346666338?
False
Is 36042993 a multiple of 519?
True
Does 296 divide 272364744?
False
Does 320 divide 3087644811?
False
Is 19605217 a multiple of 46?
False
Does 142 divide 745236840?
False
Is 1167994045 a multiple of 1765?
True
Is 507 a factor of 62335233?
False
Is 309036520 a multiple of 76?
True
Is 1139650808 a multiple of 109?
True
Does 871 divide 23134304?
False
Does 3219 divide 614983512?
True
Is 1114 a factor of 38876372?
True
Does 2040 divide 51909738?
False
Is 31523419 a multiple of 16?
False
Is 97 a factor of 615562?
True
Is 1144 a factor of 495776020?
False
Does 197 divide 5804802?
True
Is 10396192 a multiple of 32?
True
Is 12333130 a multiple of 41?
False
Does 37 divide 100029981?
True
Does 185 divide 28151450?
True
Does 76 divide 5377694199?
False
Is 2543 a factor of 5642917?
True
Does 15 divide 215926096?
False
Is 11 a factor of 170037065?
True
Does 8 divide 2166844?
False
Is 132160116 a multiple of 132?
True
Does 6 divide 646829?
False
Does 73 divide 406941858?
True
Is 29364545 a multiple of 35?
True
Is 1991597 a multiple of 21?
False
Does 109 divide 29249169?
True
Is 80150538 a multiple of 1677?
True
Is 6305 a factor of 371105995?
True
Does 580 divide 39803324?
False
Is 96285447 a multiple of 30?
False
Does 1772 divide 388027244?
True
Does 1557 divide 11025117?
True
Is 82739798 a multiple of 29?
False
Does 129 divide 645589896?
False
Is 4233 a factor of 579564992?
False
Is 47133760 a multiple of 2051?
False
Does 60 divide 309824978?
False
Is 5404290 a multiple of 151?
True
Is 53948169 a multiple of 451?
True
Does 303 divide 45993197?
False
Is 160815716 a multiple of 6?
False
Is 18034208 a multiple of 916?
True
Is 512 a factor of 689069056?
True
Does 1279 divide 168247671?
False
Is 16 a factor of 1350911408?
True
Does 4 divide 691538172?
True
Is 24377847 a multiple of 1411?
True
Does 669 divide 1272031917?
True
Does 125 divide 15943000?
True
Is 1414478517 a multiple of 113?
True
Is 169658040 a multiple of 118?
True
Does 19 divide 30864370?
False
Is 993 a factor of 3632203703?
False
Is 10 a factor of 14903290?
True
Does 61 divide 14720122?
False
Is 72 a factor of 242606359?
False
Is 2483 a factor of 393644888?
True
Is 3911052336 a multiple of 35?
False
Is 245 a factor of 59529855?
True
Does 49 divide 53476608?
False
Does 2250 divide 60558750?
True
Does 8 divide 39226376?
True
Is 640 a factor of 641677440?
True
Is 3630004033 a multiple of 1135?
False
Does 427 divide 1813134701?
False
Does 3720 divide 20604697?
False
Is 25656458 a multiple of 1523?
True
Is 23 a factor of 1545959186?
False
Does 10 divide 419798425?
False
Is 17874324 a multiple of 2777?
False
Is 114 a factor of 115537433?
False
Is 21 a factor of 37058281?
False
Is 4596 a factor of 645627696?
True
Is 2628 a factor of 557125488?
True
Does 19 divide 9712325?
True
Is 55163439 a multiple of 350?
False
Does 14 divide 4522056?
True
Does 2184 divide 317354856?
True
Does 17 divide 791352245?
False
Is 85 a factor of 236608610?
False
Is 7388058 a multiple of 3?
True
Is 23 a factor of 14466977?
True
Is 3935943 a multiple of 249?
True
Is 1699 a factor of 40101497?
True
Is 2204 a factor of 109212608?
True
Is 49 a factor of 31237806?
False
Does 57 divide 7351481?
False
Is 52522192 a multiple of 238?
False
Does 443 divide 16625846?
False
Does 80 divide 30883840?
True
Is 6 a factor of 129825882?
True
Is 271207734 a multiple of 1966?
True
Is 29672528 a multiple of 76?
True
Is 24 a factor of 9317952?
True
Is 6 a factor of 798629?
False
Does 616 divide 277223589?
False
Is 167 a factor of 10912114?
True
Does 25 divide 10667199?
False
Is 83037570 a multiple of 105?
True
Is 594189381 a 